6 - -2)/p - 2. Suppose h + 4*h = u. Let m(x) = -x**2 + 4*x + 5. What is m(h)?
0
Let y(h) = -46*h + 1. Let a be 2/(-7) - (-4)/(84/27). Calculate y(a).
-45
Let j = 38 - 16. Let d = j + -23. Let c(l) = 2*l. Give c(d).
-2
Let y(m) be the first derivative of m + 9. Let h(i) = 4*i + 8. Let v = -3 + 2. Let z(t) = v*h(t) + 2*y(t). Calculate z(-4).
10
Let i(n) = -n + 6. Let k = -4 - -4. Let o be i(k). Let r(h) = 10*h**2 - 2*h**2 - o*h**2 + 0 + 2*h + 1 + h**3. Determine r(-1).
0
Suppose -4*g - 16 = -3*h, -1 = 5*g + 2*h - 4. Let i(y) = -3*y**3 + 2*y + 1. What is i(g)?
2
Let z(c) = c - 3. Let m(d) = -d + 3. Suppose 0 = 5*t + 6 + 9. Let i(h) = t*z(h) - 2*m(h). Calculate i(0).
3
Let k(j) = 3*j - 5. Let w(v) = 4. Let z(g) = -4*k(g) - 3*w(g). Determine z(-6).
80
Let m(a) be the third derivative of a**4/6 + 17*a**3/6 - 11*a**2. Give m(-12).
-31
Let x = -75 + 77. Suppose 0 = -5*v + 33 - 8. Let k(s) = 2*s + 3 - 3*s**x - v*s + 2*s**3 + 5*s - 3*s**3. Calculate k(-4).
11
Let l(s) be the second derivative of 0 - 5*s + s**2 + 4/3*s**3. Let f be l(-1). Let r(u) = -2*u - 7. Determine r(f).
5
Suppose -17*m = -12*m - 10. Let a(u) = -7*u + 1 - 3*u**3 - 6*u**2 + 5 + m*u**3 + 2*u**3. Determine a(7).
6
Suppose 5*o - o - 18 = -2*h, -60 = -4*h + 4*o. Let t(u) = h*u + 13*u + u**2 - 29*u - 1. Suppose -s - 2 = -0. Determine t(s).
9
Let n(y) = -6*y - 6. Let t(w) = 9*w - 2. Let k be t(1). Let r(g) = -5*g - 7. Let d(v) = k*r(v) - 6*n(v). Give d(10).
-3
Let d(a) = -a - 9. Let l(v) = 18*v + 105. Let n be l(-6). What is d(n)?
-6
Let y = 1215 - 1219. Let b(m) = m**2 + 5*m + 3. Calculate b(y).
-1
Let q(g) = -2*g**3 + 2*g**2 - 2*g + 1. Let p = -6 + -17. Let r(z) = -z**2 + 11*z. Let w be r(8). Let n = p + w. Determine q(n).
-1
Let h = 3 - 5. Let w be (-2)/(-8) + h/8. Let v(y) = -226 + 54 + 59 + 55 + 60 - y. Determine v(w).
2
Let r(x) be the first derivative of x**4/4 - 4*x**3/3 - 2*x**2 - 294. Let q be (-1 - 0)/(3/(-15)). Determine r(q).
5
Let k(g) = g**2 + 2*g + 1. Suppose -6*r - 39 = -9*r. Let w = -8 + -8. Let b = r + w. What is k(b)?
4
Let z(w) = -1 + 0*w**2 + 3*w**2 + 2*w**2. Suppose 12 = 15*r - 18. Calculate z(r).
19
Let r(z) be the third derivative of -z**6/120 - z**5/10 + 120*z**2. Give r(-6).
0
Let g(q) = q**3 - 3*q**2 + q - 4. Let u(l) = -l**3 - 13*l**2 - 11*l + 14. Let c be u(-12). Give g(c).
-6
Let p(z) = -z**3 - 6*z**2 + 3*z - 2. Let t be (0 + 1)/(-3) - 816/144. Determine p(t).
-20
Let w be 54/(-7) - (-4)/(-14). Suppose -60 = -3*g + 7*g. Let q be w/(-12)*g/2. Let z(m) = m**2 + 5*m + 7. Calculate z(q).
7
Let m be (-6)/(-6*1/(-4)). Let f(b) be the second derivative of -b**5/20 - b**4/3 - b**3/6 - 106*b. What is f(m)?
4
Let x be ((-3)/(-9))/((-3)/63). Let u(r) be the first derivative of -r**2/2 - 5*r - 23. Give u(x).
2
Let r(z) = -12*z + 2*z + 2 - 5 + 9*z. What is r(-4)?
1
Let n = 10 - 16. Let g be (n/(-2))/(-3) - -7. Let o = -1 + g. Let d(l) = l**3 - 4*l**2 - 5*l + 3. Give d(o).
3
Suppose -2*b + 3 - 9 = 0. Let i(u) be the first derivative of -2*u**3/3 - 2*u**2 + u - 11. What is i(b)?
-5
Let m(l) = 4*l**2 - 6*l + 12. Let g(o) = 9*o**2 - 11*o + 25. Let y(u) = -3*g(u) + 7*m(u). Suppose -54*s = -119 - 313. Calculate y(s).
1
Let g(j) be the third derivative of -j**6/120 + j**5/10 - j**4/4 - j**3 - 12*j**2. Let m(c) = c + 3. Let h be m(2). Give g(h).
-11
Let n(f) be the first derivative of -f**4/4 + 7*f**3/3 - 5*f**2/2 - f - 1. Let z(h) = -4*h - 4. Let t be z(8). Let s be (-10)/(-3)*t/(-20). What is n(s)?
5
Let g(q) = -7*q**2 - 3*q - 1. Let y be g(-1). Let z(b) be the third derivative of -b**6/120 - b**5/10 - b**4/4 - 2*b**3/3 + 2*b**2. Calculate z(y).
1
Let y(a) = 3*a**3 + 9*a**2 - 3*a - 13. Let v(z) = 4*z**3 + 10*z**2 - 4*z - 14. Let g(k) = -2*v(k) + 3*y(k). Calculate g(-7).
-4
Let s be (1/(-2))/(4/(-64)). Suppose s*r - 5 = 7*r. Let c(q) = 3*q**2 - 2*q + 5. Let o(i) = -i**2 + 2*i - 1. Let g(m) = -c(m) - 4*o(m). Determine g(r).
-6
Let z(s) = 10*s + 17. Let a(h) = 8*h + 16. Let k(g) = 4*a(g) - 3*z(g). Give k(-9).
-5
Let d(y) = y**2 + 11*y + 17. Let c be (-18)/2 + 18 + -18. Give d(c).
-1
Let s = 122 - 67. Let y = 49 - s. Let u(t) = -t**2 - 6*t - 6. Give u(y).
-6
Let i = 36 - 26. Let j = i + -10. Let d(f) = -4*f**3 - 4*f**2 - 4*f + 1. Let g(q) = q**3 + q**2 + q. Let s(l) = -d(l) - 3*g(l). What is s(j)?
-1
Let q(u) be the second derivative of -u**4/12 + u**3/2 - 5*u**2/2 - 64*u. Determine q(5).
-15
Let c(v) be the third derivative of -v**4/8 - 73*v**3/6 - 294*v**2. Determine c(-26).
5
Let o(c) = -c**3 + 4*c**2 - 2*c - 2. Suppose 0 = -7*q + 2*q - 110. Suppose 42*f = 40*f - 48. Let m = q - f. Determine o(m).
2
Let i(w) = 7*w**2 - 12*w + 1. Let o(d) = -15*d**2 + 27*d - 2. Let v(k) = 13*i(k) + 6*o(k). Determine v(-6).
1
Let m(w) = 7*w - 10. Let b(q) = 13*q - 22. Let p(l) = -3*b(l) + 5*m(l). Let c(n) = 2*n - 8. Let x(h) = 5*c(h) + 3*p(h). What is x(6)?
-4
Let l(w) = -4*w - 28 - 6*w**2 + 32*w**3 + 34*w**3 + 42*w**3 - 109*w**3. Calculate l(-6).
-4
Let y(b) be the third derivative of -1/60*b**5 - 10*b**2 + 1/4*b**4 + 0*b + 0 - 1/2*b**3. Calculate y(5).
2
Let c(z) = 2*z + 13. Let u be c(-9). Let m = u + 7. Let y(n) = -3 + 2 + 2*n - m*n + 2*n. Give y(5).
9
Suppose 5*z + 3*j - 4 = 11, -4*z - j = -19. Let t(c) be the second derivative of c**4/12 - c**3/2 - c**2/2 - 7*c - 2. Determine t(z).
17
Let l be (-2)/8 + 75/12. Let o(m) = 11*m**2 - m - 6. Let z(n) = 13*n**2 - 9. Let g(a) = -6*o(a) + 5*z(a). Determine g(l).
-9
Let b(g) = 2 - 1 + 10 - 2*g + 0. Give b(9).
-7
Let x(w) = -7*w**3 + w**2 - w - 1. Let i = -8 - -11. Suppose -2*n = 5*s - 18, 6*s = -i*n + 3*s + 9. Calculate x(n).
8
Suppose 0 = -4*c - 0*c. Suppose -u + 35*u = 306. Let t(x) = c*x**3 + u*x**2 + 3*x + 2 + x**3 - 4*x**2. Determine t(-4).
6
Let l(g) = -g**3 + 6*g**2 - 2*g + 7. Let r = 8 - 4. Let o be 2 + -1 + -4 + 7. Suppose -5*q + 10 = i - o*q, 2*q - 32 = -r*i. Determine l(i).
-5
Let y(i) = 2*i - 3*i**2 - 1 - 3 + i**2 + 0*i**2. Determine y(4).
-28
Let p(c) = c**3 + c. Let o = -10 + 12. Suppose -o = r - 15. Let h = r - 15. What is p(h)?
-10
Let i(g) = 2*g**2 - 16*g - 11. Suppose -4*l + 4*z + 40 = 0, -5*l - z - 122 + 160 = 0. Calculate i(l).
-11
Let a(d) = d**3 + 5*d**2 - 2*d - 3. Let r be 56/(-14)*(3 - 2). Determine a(r).
21
Let v be 1/(-2)*(1 - 3). Let k(o) = -5 - 1 + v + o. Calculate k(0).
-5
Let m be 27/(-2) + (-4)/(-8). Let j = m - -14. Let u(n) = -5*n**2 - j - 6*n**2 - 2 + 2. Determine u(1).
-12
Suppose -3*j - 36 = 6*j. Let c be (-1)/(1/(-2) - 0). Let z(y) = -2*y**2 - 2 + c*y**2 + 5*y + y**2. What is z(j)?
-6
Let x(q) = 3*q**2 + 6*q. Let u(m) = -3*m - 49. Let v be u(-15). Give x(v).
24
Let o(w) be the first derivative of w**4/4 + 10*w**3/3 + 7*w**2/2 + 3*w + 646. Give o(-9).
21
Let u(m) be the first derivative of -m**2/2 - m - 123. Give u(-2).
1
Let s = 73 + -73. Suppose 13 = 3*o + 4*k, s = -0*k - 4*k + 16. Let b(r) = -9*r**2 + r. What is b(o)?
-10
Let p = -81 + 78. Let b(u) be the third derivative of -u**4/12 - 5*u**3/6 + 4*u**2. Let c(a) = -a - 4. Let j(x) = p*c(x) + 2*b(x). What is j(2)?
0
Suppose -12 = 4*b, a + 1 = -3*b - 7. Let s(o) = 44*o + 1. Give s(a).
45
Let s(x) = -6*x + 28. Let j(h) = -13*h + 59. Let v(o) = 5*j(o) - 11*s(o). Let b be 10 + (-1 - -1 - 1). Calculate v(b).
-4
Let q(m) = -11*m**3 + 20*m**2 - 23*m + 20. Let g(z) = -4*z**3 + 7*z**2 - 8*z + 7. Let y(l) = -17*g(l) + 6*q(l). Determine y(2).
17
Let a(h) be the third derivative of h**5/15 + h**4/8 + h**3/3 - 2*h**2 + 82. Give a(-2).
12
Suppose -37 = -5*n + t, -4*n = -7*n + 4*t + 29. Let h(d) = -3*d + 2*d + 6 + 0*d. Calculate h(n).
-1
Let q be ((-2)/4)/(1/14). Let m(w) = -4*w - 6 - w**3 + 1214*w**2 + 3*w - 1221*w**2. What is m(q)?
1
Let z(w) = -2*w**2 - w. Let y(r) = 9*r**2 + 9*r + 6. Let x(h) = -y(h) - 4*z(h). What is x(-5)?
-6
Let r(k) be the second derivative of -11*k**5/60 + k**4/24 + k**3/6 - 8*k**2 - 9*k. Let y(d) be the first derivative of r(d). Calculate y(-1).
-11
Let r(q) = q**2 + 5*q + 5. Suppose -4*t + 3*t - 3*o - 4 = 0, -4 = t - 5*o. Give r(t).
1
Suppose 5*g = 4*f, 5*g = f - 6 - 9. Let c(m) = -m**2 - 2*m + 3. Calculate c(f).
-12
Let k(s) = -4*s**2 + 10*s + 1. Let l(g) = -2*g**2 + 5*g. Let m(i) = 2*k(i) - 5*l(i). Let z = -1 + -2. Let c be (4 - 2)*z/(-2). Determine m(c).
5
Let b(m) = 6*m**2 - 21. Let f(o) = 5*o**2 + o - 18. Let c(s) = -4*b(s) + 5*f(s). Calcul